- 9*t + 6*t**2 - 3 + 63*t**3 + 7*t. What is q(g)?
12
Let n(o) = o - 8 + 6 + 0. Suppose -5*x + 34 = -3*r, x = 2*r + 3 + 8. What is n(x)?
3
Let y be (-5)/(-3) - (-6)/18. Let l(s) = 13*s**2 + 18 - 5*s**2 + s + s**2 - 8*s**y. What is l(0)?
18
Suppose 3*a + 7*j - 7 = 2*j, -2*a + 5*j + 38 = 0. Let c(k) = k**2 - 11*k + 21. What is c(a)?
3
Suppose -44*w + 21*w = -69. Suppose 2*p + 4*k = 22, -4*k + 20 = -5*p + 5. Let h(y) = 0 + y - 4 + p. What is h(w)?
0
Let v(j) = j**3 + 6*j**2 - 5*j + 5. Suppose k = 3*d - 1, 0 = -2*d + 42 - 46. Give v(k).
-9
Let y be -10*2*2/(-10). Suppose 2*p + 2 = 14. Let g(x) = 1 - 4*x + 7*x**2 - 2*x**2 - p - x**3. Calculate g(y).
-5
Let x = 5 - 1. Let g(w) = 4*w**2 - w**3 + 9*w + x*w + 7 - 6*w. What is g(6)?
-23
Let m(l) = -2*l + 6. Let u(t) = t**2 - 10*t + 5. Let b be u(10). Suppose 18*x - b = 17*x. Calculate m(x).
-4
Let v(z) = -z**3 + 6*z**2 + 4*z + 11. Suppose -9*g + 266 = 29*g. What is v(g)?
-10
Suppose h + 2*c = -h + 16, -5*c + 37 = 4*h. Let r = h - 0. Let f(m) = m**3 - m**2 - 2*m - 1. What is f(r)?
11
Let l(v) = -v**2 - 6*v - 3. Suppose -4*j + t + 32 = -4*t, t = -4. Suppose 0*i + j*i = -6. Let g be i/4*6 - 2. Give l(g).
2
Suppose -18*n + 23*n = -3*k - 28, 0 = 2*k + 2. Let z(g) = g**2 + 3*g - 10. Determine z(n).
0
Let f be (2/4)/((-2)/(-32)). Suppose -3*s + 1 = -f. Suppose z - 2*z = -s*j - 11, 2*z - 6 = -2*j. Let o(a) = a**3 + 4*a**2 + 2*a - 1. What is o(j)?
3
Let i = 11 - 13. Let q(a) = -a - 1. Let u(k) = k + 2. Let l(s) = 6*q(s) + 3*u(s). Calculate l(i).
6
Let l(s) be the third derivative of 0 + 23*s**2 + 1/12*s**4 + 1/60*s**5 + 0*s - 1/3*s**3. Let t be 2*-3*2/(-6). Determine l(t).
6
Let i(j) = 2*j**2 + 4*j - 1. Let c(u) = u**2 + 7*u - 6. Let s be c(-9). Suppose 51*x - 54*x - s = 0. Give i(x).
15
Suppose 5*s + 15 = 0, 4*l + 5*s - 27 = -10. Let z be (-2)/(-4)*(2 - l). Let u(a) = a**2 + 3*a - 4. Determine u(z).
-4
Let y(p) = -p**2 - 6*p + 16. Let r be y(-7). Suppose -w - r = 2*w. Let z be (24/4)/w - -1. Let i(l) = 20*l**2 + l. Calculate i(z).
19
Let v be (1056/(-1232))/((-2)/14). Let s(g) = g**3 - 7*g**2 + 8*g + 1. Determine s(v).
13
Let g be 0 - (4/(-16))/(2/(-104)). Let i(c) = -c**3 - 14*c**2 - 12*c + 19. What is i(g)?
6
Let q(n) = 9 - 2*n**2 + 0*n**3 - 2*n**2 - n**3 + 11*n - 2*n**2. What is q(-7)?
-19
Let f(k) = -6*k**3 - k**2 - 5*k. Let j be -10*(-4)/16*-2. Let m = j + 0. Let i(q) = -7*q**3 - 5*q - 1. Let z(n) = m*i(n) + 6*f(n). Calculate z(-5).
5
Let r(s) be the first derivative of -s**5/40 - s**4/24 + 29*s**3/3 - 11. Let w(z) be the third derivative of r(z). Determine w(-5).
14
Let u be (18/(-15))/((-5)/(-25)). Let i(d) = 0*d - 3*d - 6*d + 3*d + 10*d + 6. Give i(u).
-18
Let p(v) = 3*v + 2. Let k be 2 - (9/4 - 5/20). Let j be k + 0 - (5 + -10 + 2). Give p(j).
11
Let b(d) = 5*d**2 + 4*d + d**3 + 0*d + 6 - 2*d. Suppose -1937 = 12*h - 1877. Calculate b(h).
-4
Suppose 2*g - 68 = 4*o, 2*o - 71 = -5*g + 63. Suppose -5*i + 40 = 5*l, 2*i + g = 6*i + 2*l. Let k(n) = n + 3. Calculate k(i).
9
Suppose 14*q - 38*q + 48 = 0. Let r(k) = 4*k**2 - 4*k - 1. Calculate r(q).
7
Let m(g) = -g**2 - 2*g + 1. Let z = 669 - 671. Calculate m(z).
1
Let f(q) = q**3 - 7*q**2 - 8*q + 1. Let h(v) = 2*v - 18. Let o be 16 - 0 - (21 + -18). Let x be h(o). Give f(x).
1
Let q(n) = n**2 + n - 1. Let s(g) = -5*g**2 - 5*g + 4. Let m(d) = -d - 1. Let b(r) = -2*m(r) + s(r). Let k(w) = b(w) + 4*q(w). What is k(4)?
-10
Let o(a) = a**3 + 6*a**2 - 2. Suppose 5*u + 0*m + 38 = -2*m, -2*u - 4*m = 28. What is o(u)?
-2
Let w(i) = 36*i**2 - 22*i + 70. Let p(d) = 14*d**2 - 9*d + 29. Let u(a) = 12*p(a) - 5*w(a). What is u(2)?
-46
Let g(n) = -n + 2. Let h be g(7). Let l(r) be the first derivative of r**4/4 + 4*r**3/3 - 3*r**2/2 - 2*r + 604. Determine l(h).
-12
Let y(z) be the second derivative of -z**5/60 + 7*z**4/24 + 5*z**3/6 + 8*z**2 + 4*z. Let x(i) be the first derivative of y(i). Determine x(6).
11
Let m(u) = 2*u + 14. Let w(g) = -g**2 - 10*g - 29. Let z be w(-6). What is m(z)?
4
Let k be 5*(26/(-65) - 0). Let l(h) = -h + 4*h**2 - h**2 - 4*h**2. Calculate l(k).
-2
Let w(m) be the second derivative of -m**3/3 - 11*m**2/2 - 26*m + 1. Give w(-7).
3
Let i = 42 + -79. Let t = -36 - i. Let f(a) = -2*a - 1. What is f(t)?
-3
Suppose 0 = f + 2*n - 10 - 2, 0 = -f - 5*n + 24. Let v(s) = -7*s + 2 + 6*s + f + 3*s. What is v(7)?
20
Let u(q) = -13*q - 15. Let r(w) = -4*w - 5. Let n(h) = 7*r(h) - 2*u(h). Give n(-6).
7
Suppose -l + 0 = 4*c - 13, -14 = -2*c + 2*l. Suppose 4*k = 5*o - 31, 0 = -4*o - 3*k + k + c. Let d(f) = -o + 3 - 1 - 2*f - 3*f. Determine d(-1).
4
Let o(r) = -3 - 7 - 2 + 4 - 8*r + 4. Give o(3).
-28
Suppose -15*t - 32 = t. Let r(o) = -2*o**3 - 2*o**2 - 3*o - 3. What is r(t)?
11
Let g(s) = 32*s - 844 + 1691 - 845. Calculate g(-2).
-62
Let l(t) = 0 + t + 18*t**2 + 0*t + 1. Let h = 416 - 420. Let f(x) = -18*x**2 - x - 1. Let y(z) = h*l(z) - 3*f(z). Determine y(-1).
-18
Let o(s) = s. Let u be o(3). Let h(n) be the second derivative of 0 + 1/2*n**u - 1/2*n**2 + 2*n. Give h(3).
8
Let k(p) = p**2 - 4. Let a(v) = -3*v - 26. Let w be a(-7). Determine k(w).
21
Let p(x) be the second derivative of -x**7/2520 + x**6/240 + x**5/15 - 5*x**4/12 + 3*x. Let u(f) be the third derivative of p(f). What is u(6)?
-10
Let n(w) = -60*w. Let h be n(-2). Suppose -2*i = -0*o - 2*o + 64, h = 3*o + 3*i. Suppose -2*f = 4*f + o. Let k(x) = x**3 + 6*x**2 + x + 1. What is k(f)?
-5
Let p(n) = -3*n**2 + n + 1. Let v be 3/(-3 + (-3)/(-2)). Give p(v).
-13
Let p(u) = -2*u - 11. Let y(w) = -4*w - 22. Let c(l) = -5*p(l) + 3*y(l). Let v be c(-8). Let s(t) = -4 + v - 3*t + 0. What is s(2)?
-5
Let c(r) = -5*r**3 + 4*r**2 + 9*r + 4. Let s be (2 - 1)*(4 + 0). Let n(f) = 6*f**3 - 4*f**2 - 10*f - 4. Let d(h) = s*n(h) + 5*c(h). What is d(5)?
4
Let x(a) = -4 + 8 - 6*a + 7*a + 5*a. Calculate x(-5).
-26
Suppose 0 = 2*m + 4*r + r - 32, -2*m + 2*r = -4. Suppose -3 = -3*p + m. Suppose p*f = f. Let n(v) = -v**2 + v + 5. Give n(f).
5
Let v(f) = 5*f**2 + 2 + f - 2*f**2 - 4*f**2. Let j(h) = -h. Let o(n) = n**3 + 12*n**2 + 18*n + 10. Let k(p) = 3*j(p) - o(p). Let s be k(-10). Determine v(s).
2
Suppose -3*l = -2*g - 26, 20 = -4*g - g. Let i(a) = -2 - 6*a**2 + 4*a**3 - 3*a**3 - 25*a + 24*a. Calculate i(l).
-8
Let f(m) = -m**3 - 5*m**2 + 5*m - 1. Let g(b) = b**3 + 3*b - 5. Let o be g(0). Calculate f(o).
-26
Let y(g) be the first derivative of 2*g**3/3 + g**2/2 + 1. Let a be 24/(-15)*10/(-4). Suppose 5*h - n = 1 - 14, 5*n = -a*h + 7. Calculate y(h).
6
Let z(w) = 13*w + 14*w + w**2 + 0*w - 35*w - 2 + 13*w. What is z(-4)?
-6
Let z(y) = -6*y + 70. Suppose 2*c + 18 - 8 = 0, 69 = 4*x - 5*c. Give z(x).
4
Let w(j) be the first derivative of -13*j**2/2 - 245. Give w(-1).
13
Let n(a) = -306*a + 5*a**3 - 1 + 305*a - 1. Determine n(-1).
-6
Let w(g) = -3*g**3 + g**2 + 9*g - 11. Let h(d) = 10*d**3 - d**2 - 27*d + 36. Let m(z) = -2*h(z) - 7*w(z). What is m(6)?
-13
Suppose -5*u + 31 = 3*j - j, 5*u - 2*j - 19 = 0. Suppose u*t - 4*t = 2. Suppose t*z = z - 6. Let n(r) = r**2 + 8*r + 6. Calculate n(z).
-6
Suppose 18 = 2*a - 4*j, -4*a + 48 = -a + j. Suppose a*l - 11*l - 16 = 0. Suppose t = 11 - l. Let k(x) = -x**3 + 7*x**2 + 6. What is k(t)?
6
Let c(o) = -o**3 - 4*o**2 - 2*o - 2. Suppose 4*w - 30 = -w. Let h be (-57)/(-4) + w/(-24). Suppose 4*k - 25 = 3*a - 5, -h = 2*a - 3*k. Calculate c(a).
6
Let o(w) = w**3 + w**2 - 2. Let v(q) = 2*q**3 + 6*q**2 + 3*q - 13. Let h(b) = -3*o(b) + v(b). Determine h(3).
2
Let p(x) be the second derivative of -x**4/12 - 3*x**3/2 - 3*x**2 - 40*x - 1. What is p(-6)?
12
Let d(p) = 3*p**2 + p - 4. Let f(s) = 11*s**2 - 4*s - 21. Let h(z) = 4*d(z) - f(z). Give h(-7).
-2
Let v(x) = -12*x**2 - x + 3. Let q(c) = 6*c**2 + c - 2. Let m(s) = -3*s - 21. Let l be m(-8). Let b(i) = l*v(i) + 5*q(i). What is b(1)?
-5
Let p(o) = o + 1. Let f(b) be the third derivative of b**4/8 - b**3/6 + 14*b**2. Let a(r) = f(r) - 4*p(r). What is a(-5)?
0
Suppose 40 = 41*h - 33*h. Let n(s) = 6*s - 6. Let k(q) = 5*q - 5. Let t(a) = 5*k(a) - 4*n(a). Calculate t(h).
4
Let g(a) be the third derivative of a**4/24 + 7*a**3/2 - 92*a**2 + 3*a. Determine g(-8).
13
Let h(k) = 434*k**2 - 217*k**2 - 3 - 218*k**2 + 8*k + 0. Let y be 1/5 + 118/10. Suppose -4*o = -y - 12. Calculate h(o).
9
Suppose -5*q = -3*m + 37, 15 - 3 = -2*m - 4*q. Let k(g) be the second deriv